e g(z). What is the greatest common divisor of k and 108?
36
Let v = 10307 - 9999. What is the greatest common divisor of 322 and v?
14
Suppose a - 132 = n, 32*a = 31*a - 4*n + 132. What is the greatest common divisor of 561 and a?
33
Let q(b) = 25*b + 1. Let p be q(1). Let x = 24 - p. Let y be (-20)/3*6/(2/x). Calculate the highest common divisor of y and 120.
40
Let a(d) = 135*d + 2301. Let w be a(-17). What is the highest common divisor of 5580 and w?
6
Let o be (7 - 19)/(-4)*(-13 - -197). Calculate the highest common factor of o and 69.
69
Let r be (52/8 - 6)*148. Let y = 112 - r. What is the highest common factor of y and 342?
38
Let u(h) = h + 98. Let n(k) = 195. Let l(o) = -4*n(o) + 7*u(o). Let g be l(17). What is the greatest common factor of g and 10?
5
Let h(s) = s**3 + s + 1. Let f(l) = -3*l**3 - l**2 - 17*l - 26. Let u(t) = -f(t) - 4*h(t). Let c be u(-4). What is the highest common factor of c and 175?
25
Suppose 10*a - 116 = 6*a. Suppose a*j - 42*j = -234. Calculate the highest common divisor of j and 900.
18
Suppose -77*m - 182 = -78*m - 2*j, m - 4*j = 152. Let v = m + -167. What is the greatest common factor of 185 and v?
5
Suppose -s + 5 = 0, 0 = -4*k + k - s + 110. Let u = 41 - k. Suppose -u*x - 11 = -107. What is the greatest common factor of 2 and x?
2
Let y be 3 - (10 + -4) - 4*-2. Let h be (-2)/(4/(-18))*(-4 + y). Suppose -w + 76 = -j + h, -w = 4*j - 82. What is the highest common factor of w and 20?
10
Let d(u) = 6*u + 132. Let x be d(0). Let k(w) = w**2 - 98*w + 780. Let h be k(8). What is the greatest common divisor of h and x?
12
Let m = 227 - 223. Suppose -32 = m*y - 8*y. Calculate the greatest common factor of y and 112.
8
Suppose -4*x + 79 = 3*t, 6*t - 2*t + x = 127. Suppose 793*f - 807*f + 2156 = 0. What is the greatest common divisor of t and f?
11
Let s be 2/(-24) + 69126/72. What is the greatest common factor of 1536 and s?
192
Suppose 0 = 2*b - 3*j - 664, 5*b = -154*j + 159*j + 1675. Calculate the greatest common divisor of 403 and b.
31
Suppose 2*l - 819*g + 818*g = 551, -5*l + 1374 = g. Calculate the greatest common factor of l and 100.
25
Suppose -3*r + 4*w + 1196 = 0, 3*r - 30 = -3*w + 1173. What is the highest common divisor of r and 100?
100
Suppose -2*g = -3*d + 6, 3*d = -3*g - 2*g + 27. Suppose 4*t - u = 1019, -g*t = -5*t - 4*u + 514. Calculate the greatest common factor of t and 15.
15
Suppose 9 = 25*x - 91. Let i be (x - -1) + (-128)/(-4) + 5. Calculate the greatest common factor of 378 and i.
42
Suppose -t - t - 3114 = 4*y, -4*t - 3900 = 5*y. Let l be y/(-26) - (-70)/455. Suppose 0 = 2*a - 171 - 69. Calculate the highest common factor of l and a.
30
Suppose 329*s = 244*s + 3400. What is the highest common divisor of s and 296?
8
Suppose -3*p + 58 = -98. Let g be ((-52)/8)/(9/(-720)*4). Calculate the greatest common divisor of g and p.
26
Let q(c) = c**2 + 12*c + 55. Let i be q(-5). Let d(b) = 21*b - 181. Let n be d(21). Calculate the highest common divisor of i and n.
20
Let i be 25/450*75609 - (3/(-2) - -2). What is the greatest common factor of i and 6?
6
Suppose -70 = -10*m + 5*m. Let x = 34 + m. Let v be (-9)/4*x/(-36). What is the highest common factor of 9 and v?
3
Let l(i) = i**2 + 100*i + 114. Let t be l(-99). Calculate the highest common factor of 75 and t.
15
Let n = -3098 + 5640. What is the highest common divisor of n and 41?
41
Suppose -2*o + 23 = 5*l, 4*o - 2*l - l - 111 = 0. Let i be -2*(1 - 3) + 8/2 + 4. Calculate the greatest common divisor of o and i.
12
Let v(z) = 14116*z - 874. Let f be v(1). Calculate the highest common divisor of 6 and f.
6
Let o(k) = k**3 + 24*k**2 + 43*k - 10. Let p be o(-22). Suppose -p*g = -17*g + 800. Calculate the highest common factor of 5 and g.
5
Suppose 0*i + 4*i - 28 = 0. Suppose -2*g - 140 = -i*g. Suppose -2*o = g - 68. What is the greatest common factor of o and 8?
4
Suppose -x + 4 = -5. Let m = 6176 - 6170. What is the highest common divisor of x and m?
3
Suppose -4*r - 95 = -79, o - 288 = -r. What is the greatest common divisor of 1971 and o?
73
Let s be (335/4)/((-28)/(-224)). Calculate the greatest common divisor of 220 and s.
10
Let g be ((-4684)/(-18) - (-38)/(-171)) + 6. Suppose -g + 981 = 11*v. What is the highest common factor of 455 and v?
65
Let v(d) = -d**3 + 5*d**2 + 9*d - 4. Let l be v(6). Let t = l - -10. Let u be 2*2/(-3)*-27. What is the greatest common factor of u and t?
12
Let z be -1 + 1 + -1 - -16. Let n = -176 + 184. Suppose -n*r + 490 = -590. Calculate the greatest common divisor of r and z.
15
Let y(t) = -t**3 - 4*t**2 + 2*t + 220. Let b be y(0). Let g = -5 + 8. Let c be 1*20*g/3. What is the greatest common factor of b and c?
20
Suppose 4*p = -b + 192, 3*b + 226 = p + 815. Calculate the greatest common divisor of 994 and b.
14
Let u(b) = -b**3 + 77*b**2 + 151*b + 590. Let i be u(79). Calculate the highest common divisor of i and 8.
1
Let t(s) = 52*s. Let r be t(-1). Let i be ((-18)/3)/((-96)/r - 2). Calculate the highest common factor of 52 and i.
13
Let a = -26881 + 34387. What is the highest common divisor of a and 162?
54
Let o = -52 + -4. Let b = -53 - o. Suppose 3*v + b*x = 153, 4*v - 108 = 2*v - 4*x. Calculate the greatest common factor of v and 16.
16
Let j be -8*(50/(-4) - 0). Let n be 220/(-60)*-81 - (-9)/3. Calculate the greatest common divisor of j and n.
100
Let s(k) = 40*k**2 - 11*k + 1. Let i be (4/(-44))/(3/(-33)). Let b be s(i). Let u be 12 + 2/(1 + -2). What is the highest common divisor of b and u?
10
Let h(j) = j**3 - 39*j**2 + 5*j + 1296. Let y be h(38). What is the greatest common divisor of 20454 and y?
42
Suppose 1154 = 7*c - 2024. Let p = 488 - c. Let x be ((-16)/(-6))/((-3)/(-153)). Calculate the highest common factor of p and x.
34
Suppose -4*g = -0*g - 808. Suppose -152*o = -111*o - 164. Suppose o*f - 278 = g. Calculate the highest common divisor of 15 and f.
15
Let n(l) = 3*l - 3. Let z be n(9). Let x = 149 + 283. Calculate the highest common factor of x and z.
24
Suppose 119*w + 954667 = 501*w + 143681. Calculate the greatest common divisor of 2 and w.
1
Let w(g) = -5*g**3 + 77*g**2 - 39*g + 263. Let d be w(15). What is the highest common divisor of 344 and d?
8
Let j(r) = 1937*r - 5959. Let s be j(32). What is the greatest common factor of 249 and s?
249
Suppose 1025 + 145 = 26*v. Suppose 51*o = v*o + 720. Calculate the greatest common factor of o and 100.
20
Let v = 1250 + -1246. Calculate the greatest common factor of v and 1348.
4
Let i = 18630 - 16410. What is the greatest common factor of i and 25?
5
Let p be (2 - 4 - -55)/(82/1394). Suppose 58*l - p = 5*l. Calculate the greatest common factor of l and 833.
17
Suppose 4*w - 3*w - 3*n = 29, -n + 3 = 0. Let t = -3718 - -3927. What is the highest common factor of w and t?
19
Let i be 1589/6*6 + 15. Calculate the greatest common factor of i and 8.
4
Let q(z) = -560*z - 264. Let x be q(-6). Calculate the highest common divisor of x and 216.
72
Let b be 42/(-15)*(-15)/6. Suppose -15*g + b*g + 1200 = 0. Suppose -g = -6*l - 30. What is the highest common factor of 140 and l?
20
Suppose -2*o - 1095 = 3*o. Let w = 274 + o. What is the greatest common divisor of 605 and w?
55
Suppose -13*o + 195 + 52 = 0. Let j be (-3 + 2)/((-2)/50). Suppose j = -14*m + o*m. Calculate the greatest common factor of 20 and m.
5
Let g be ((-876)/9)/((-3)/9). Suppose 5*f + g = -1238. Let i be f/(-11) - 28/(-154). Calculate the greatest common factor of 14 and i.
14
Suppose -795 = 34*v - 2155. Calculate the highest common divisor of 1280 and v.
40
Suppose 6482 = 3*r - s - 0*s, -5*s = 3*r - 6470. Suppose -19*h + h = -r. What is the greatest common divisor of 9 and h?
3
Let u be (8 - -3) + -4 + -2. Suppose -51 + 148 = -3*i - u*k, 203 = -5*i + 2*k. Let s = 102 + i. Calculate the highest common divisor of 9 and s.
9
Let t(o) = -2*o**3 + 18*o**2 - 3*o + 21. Let h be t(9). Let n(q) = -2*q**3 - 4*q**2 + 7*q + 4. Let w be n(h). Calculate the highest common divisor of 100 and w.
50
Let a = 11823 - 11775. What is the greatest common factor of a and 208?
16
Let m(f) = 4*f**3 - 10*f**2 - 3*f - 11. Let n be m(5). Let l be (21/(-12))/((-7)/n). What is the greatest common factor of l and 16?
8
Let f be (186/15)/((36/(-465))/(-6)). Suppose 4*u - 20 = 0, 7*u = -4*p + 2*u + f. Let m be